{"id":2481,"date":"2024-11-05T09:47:34","date_gmt":"2024-11-05T08:47:34","guid":{"rendered":"https:\/\/landeszentrum-mv.de\/glbk\/?page_id=2481"},"modified":"2024-11-29T09:27:27","modified_gmt":"2024-11-29T08:27:27","slug":"bildung_soziale_teilhabe","status":"publish","type":"page","link":"https:\/\/landeszentrum-mv.de\/glbk\/start\/fachwissen\/bildung_soziale_teilhabe\/","title":{"rendered":"Bildung_Soziale_Teilhabe"},"content":{"rendered":"\t\t<div data-elementor-type=\"wp-page\" data-elementor-id=\"2481\" class=\"elementor elementor-2481\">\n\t\t\t\t<div class=\"elementor-element elementor-element-1beeef1 e-con-full e-flex e-con e-parent\" data-id=\"1beeef1\" data-element_type=\"container\" data-e-type=\"container\" data-settings=\"{&quot;background_background&quot;:&quot;classic&quot;}\">\n\t\t\t\t<div class=\"elementor-element elementor-element-a20a549 elementor-widget__width-inherit elementor-widget elementor-widget-heading\" data-id=\"a20a549\" data-element_type=\"widget\" data-e-type=\"widget\" data-widget_type=\"heading.default\">\n\t\t\t\t<div class=\"elementor-widget-container\">\n\t\t\t\t\t<h2 class=\"elementor-heading-title elementor-size-default\">Bildung &amp; Soziale Teilhabe<\/h2>\t\t\t\t<\/div>\n\t\t\t\t<\/div>\n\t\t\t\t<\/div>\n\t\t<div class=\"elementor-element elementor-element-09742cb e-flex e-con-boxed e-con e-parent\" data-id=\"09742cb\" data-element_type=\"container\" data-e-type=\"container\" data-settings=\"{&quot;background_background&quot;:&quot;classic&quot;}\">\n\t\t\t\t\t<div class=\"e-con-inner\">\n\t\t\t\t<div class=\"elementor-element elementor-element-9676217 elementor-widget elementor-widget-ucaddon_post_blocks\" data-id=\"9676217\" data-element_type=\"widget\" data-e-type=\"widget\" data-widget_type=\"ucaddon_post_blocks.default\">\n\t\t\t\t<div class=\"elementor-widget-container\">\n\t\t\t\t\t\n<!-- start Post Blocks -->\n<style>\/* widget: Post Blocks *\/\n\n\n\n#uc_post_blocks_elementor_9676217 {\n    display:grid;\n}\n#uc_post_blocks_elementor_9676217 .ue_post_blocks_box\n{\n  overflow:hidden;\n}\n\n#uc_post_blocks_elementor_9676217 .ue_post_blocks_image\n{\n  overflow:hidden;\n}\n#uc_post_blocks_elementor_9676217 .ue_post_blocks_image img\n{\n  width:100%;\n  display:block;\n}\n#uc_post_blocks_elementor_9676217 .ue_post_blocks_link a\n{\n  display:inline-block;\n  text-decoration:none;\n  text-align:center;\n}\n\n\n#uc_post_blocks_elementor_9676217 .ue-grid-item-meta-data\n{\n  display:inlin-flex;\n  flex-wrap: wrap;\n}\n\n.ue-grid-item-meta-data\n{\n  font-size:12px;\n}\n\n#uc_post_blocks_elementor_9676217 .ue-grid-item-meta-data-icon\n{\n  line-height:1em;\n}\n\n#uc_post_blocks_elementor_9676217 .ue-grid-item-meta-data-icon svg\n{\n  width:1em;\n  height:1em;\n}\n\n#uc_post_blocks_elementor_9676217 .ue_post_blocks_box{\n  display: flex;\n  flex-direction: column;\n}\n#uc_post_blocks_elementor_9676217 .ue_post_blocks_content{\n display: flex; flex-grow: 1;\n flex-direction: column;\n}\n#uc_post_blocks_elementor_9676217 .ue_post_blocks_link{ margin-top: auto;\n}\n\n.ue-grid-item-category a\n{\n  display:inline-block;\n  font-size:10px;\n  text-transform:uppercase;\n}\n\n\n#uc_post_blocks_elementor_9676217 .ue_post_blocks_box\n{\n  position:relative;\n}\n\n#uc_post_blocks_elementor_9676217 .ue_post_blocks_content\n{\n  position:absolute;\n  top:0;\n  bottom:0;\n  right:0;\n  left:0;\n}\n\n\n\n<\/style>\n\n<div id=\"uc_post_blocks_elementor_9676217\" class=\"ue_post_blocks uc-items-wrapper \" >\n    <div class=\"ue_post_blocks_box\">\n    <div class=\"ue_post_blocks_image\">\n    <a href=\"https:\/\/landeszentrum-mv.de\/glbk\/2026\/04\/14\/handreichung-geschlechterreflektierte-paedagogik\/\" style=\"display:block;\"><img loading=\"lazy\" decoding=\"async\" src=\"https:\/\/landeszentrum-mv.de\/glbk\/wp-content\/uploads\/sites\/2\/2024\/12\/Kachel-Bedarfsanalyse.png\"  src=\"https:\/\/landeszentrum-mv.de\/glbk\/wp-content\/uploads\/sites\/2\/2024\/12\/Kachel-Bedarfsanalyse.png\" alt=\"Kachel Bedarfsanalyse\" width=\"1350\" height=\"1080\"><\/a>\n  <\/div>\n    <div class=\"ue_post_blocks_content\">\n      \n     \n         \n    <div class=\"ue_post_blocks_title\"><a href=\"https:\/\/landeszentrum-mv.de\/glbk\/2026\/04\/14\/handreichung-geschlechterreflektierte-paedagogik\/\">Handreichung geschlechterreflektierte P\u00e4dagogik<\/a><\/div>    \n        \n    \n            \t<div class=\"ue_post_blocks_link\">\n          <a class=\" \" href='https:\/\/landeszentrum-mv.de\/glbk\/2026\/04\/14\/handreichung-geschlechterreflektierte-paedagogik\/'>Weiter<\/a>\n    \t<\/div>\n      <\/div>\n<\/div>\n<div class=\"ue_post_blocks_box\">\n    <div class=\"ue_post_blocks_image\">\n    <a href=\"https:\/\/landeszentrum-mv.de\/glbk\/2025\/01\/24\/hinweise-zur-foerderung-von-kleinprojekten\/\" style=\"display:block;\"><img loading=\"lazy\" decoding=\"async\" src=\"https:\/\/landeszentrum-mv.de\/glbk\/wp-content\/uploads\/sites\/2\/2023\/02\/Beitrag_Fachwissen_ohne_Icon_01.webp\"  src=\"https:\/\/landeszentrum-mv.de\/glbk\/wp-content\/uploads\/sites\/2\/2023\/02\/Beitrag_Fachwissen_ohne_Icon_01.webp\" alt=\"Beitrag_Fachwissen_ohne_Icon_01\" width=\"1350\" height=\"1080\"><\/a>\n  <\/div>\n    <div class=\"ue_post_blocks_content\">\n      \n     \n         \n    <div class=\"ue_post_blocks_title\"><a href=\"https:\/\/landeszentrum-mv.de\/glbk\/2025\/01\/24\/hinweise-zur-foerderung-von-kleinprojekten\/\">Hinweise zur F\u00f6rderung von Kleinprojekten<\/a><\/div>    \n        \n    \n            \t<div class=\"ue_post_blocks_link\">\n          <a class=\" \" href='https:\/\/landeszentrum-mv.de\/glbk\/2025\/01\/24\/hinweise-zur-foerderung-von-kleinprojekten\/'>Weiter<\/a>\n    \t<\/div>\n      <\/div>\n<\/div>\n<div class=\"ue_post_blocks_box\">\n    <div class=\"ue_post_blocks_image\">\n    <a href=\"https:\/\/landeszentrum-mv.de\/glbk\/2024\/12\/20\/handreichung-anti-bias-und-intersektionalitat\/\" style=\"display:block;\"><img loading=\"lazy\" decoding=\"async\" src=\"https:\/\/landeszentrum-mv.de\/glbk\/wp-content\/uploads\/sites\/2\/2024\/12\/Kachel-Bedarfsanalyse.png\"  src=\"https:\/\/landeszentrum-mv.de\/glbk\/wp-content\/uploads\/sites\/2\/2024\/12\/Kachel-Bedarfsanalyse.png\" alt=\"Kachel Bedarfsanalyse\" width=\"1350\" height=\"1080\"><\/a>\n  <\/div>\n    <div class=\"ue_post_blocks_content\">\n      \n     \n         \n    <div class=\"ue_post_blocks_title\"><a href=\"https:\/\/landeszentrum-mv.de\/glbk\/2024\/12\/20\/handreichung-anti-bias-und-intersektionalitat\/\">Handreichung Anti-Bias und Intersektionalit\u00e4t f\u00fcr p\u00e4dagogische Fachkr\u00e4fte<\/a><\/div>    \n        \n    \n            \t<div class=\"ue_post_blocks_link\">\n          <a class=\" \" href='https:\/\/landeszentrum-mv.de\/glbk\/2024\/12\/20\/handreichung-anti-bias-und-intersektionalitat\/'>Weiter<\/a>\n    \t<\/div>\n      <\/div>\n<\/div>\n<div class=\"ue_post_blocks_box\">\n    <div class=\"ue_post_blocks_image\">\n    <a href=\"https:\/\/landeszentrum-mv.de\/glbk\/2024\/11\/22\/ungleichheiten-im-blick-gender-analyse\/\" style=\"display:block;\"><img loading=\"lazy\" decoding=\"async\" src=\"https:\/\/landeszentrum-mv.de\/glbk\/wp-content\/uploads\/sites\/2\/2024\/11\/Kachel-KipsFam.png\"  src=\"https:\/\/landeszentrum-mv.de\/glbk\/wp-content\/uploads\/sites\/2\/2024\/11\/Kachel-KipsFam.png\" alt=\"Kachel\" width=\"1350\" height=\"1080\"><\/a>\n  <\/div>\n    <div class=\"ue_post_blocks_content\">\n      \n     \n         \n    <div class=\"ue_post_blocks_title\"><a href=\"https:\/\/landeszentrum-mv.de\/glbk\/2024\/11\/22\/ungleichheiten-im-blick-gender-analyse\/\">Ungleichheiten im Blick - Gender-Analyse<\/a><\/div>    \n        \n    \n            \t<div class=\"ue_post_blocks_link\">\n          <a class=\" \" href='https:\/\/landeszentrum-mv.de\/glbk\/2024\/11\/22\/ungleichheiten-im-blick-gender-analyse\/'>Weiter<\/a>\n    \t<\/div>\n      <\/div>\n<\/div>\n<div class=\"ue_post_blocks_box\">\n    <div class=\"ue_post_blocks_image\">\n    <a href=\"https:\/\/landeszentrum-mv.de\/glbk\/2024\/11\/21\/fachtag-antifeminismus\/\" style=\"display:block;\"><img loading=\"lazy\" decoding=\"async\" src=\"https:\/\/landeszentrum-mv.de\/glbk\/wp-content\/uploads\/sites\/2\/2024\/11\/Fachtag-Antifeminismus.png\"  src=\"https:\/\/landeszentrum-mv.de\/glbk\/wp-content\/uploads\/sites\/2\/2024\/11\/Fachtag-Antifeminismus.png\" alt=\"Beitrag\" width=\"1350\" height=\"1080\"><\/a>\n  <\/div>\n    <div class=\"ue_post_blocks_content\">\n      \n     \n         \n    <div class=\"ue_post_blocks_title\"><a href=\"https:\/\/landeszentrum-mv.de\/glbk\/2024\/11\/21\/fachtag-antifeminismus\/\">Fachtag Antifeminismus<\/a><\/div>    \n        \n    \n            \t<div class=\"ue_post_blocks_link\">\n          <a class=\" \" href='https:\/\/landeszentrum-mv.de\/glbk\/2024\/11\/21\/fachtag-antifeminismus\/'>Weiter<\/a>\n    \t<\/div>\n      <\/div>\n<\/div>\n<div class=\"ue_post_blocks_box\">\n    <div class=\"ue_post_blocks_image\">\n    <a href=\"https:\/\/landeszentrum-mv.de\/glbk\/2024\/11\/07\/hinweisblatt-genderkompetenz\/\" style=\"display:block;\"><img loading=\"lazy\" decoding=\"async\" src=\"https:\/\/landeszentrum-mv.de\/glbk\/wp-content\/uploads\/sites\/2\/2024\/10\/Beitrag_Fachwissen_Dig_01.webp\"  src=\"https:\/\/landeszentrum-mv.de\/glbk\/wp-content\/uploads\/sites\/2\/2024\/10\/Beitrag_Fachwissen_Dig_01.webp\" alt=\"Digitalisierung\" width=\"1350\" height=\"1080\"><\/a>\n  <\/div>\n    <div class=\"ue_post_blocks_content\">\n      \n     \n         \n    <div class=\"ue_post_blocks_title\"><a href=\"https:\/\/landeszentrum-mv.de\/glbk\/2024\/11\/07\/hinweisblatt-genderkompetenz\/\">Hinweisblatt Genderkompetenz<\/a><\/div>    \n        \n    \n            \t<div class=\"ue_post_blocks_link\">\n          <a class=\" \" href='https:\/\/landeszentrum-mv.de\/glbk\/2024\/11\/07\/hinweisblatt-genderkompetenz\/'>Weiter<\/a>\n    \t<\/div>\n      <\/div>\n<\/div>\n<div class=\"ue_post_blocks_box\">\n    <div class=\"ue_post_blocks_image\">\n    <a href=\"https:\/\/landeszentrum-mv.de\/glbk\/2024\/05\/27\/projekt-learn-about-skills-der-berufswahlparcours-2\/\" style=\"display:block;\"><img loading=\"lazy\" decoding=\"async\" src=\"https:\/\/landeszentrum-mv.de\/glbk\/wp-content\/uploads\/sites\/2\/2024\/09\/Beitrag_neu__3.webp\"  src=\"https:\/\/landeszentrum-mv.de\/glbk\/wp-content\/uploads\/sites\/2\/2024\/09\/Beitrag_neu__3.webp\" alt=\"Projekt Learn About Skills- Der Berufswahlparcours\" width=\"1350\" height=\"1080\"><\/a>\n  <\/div>\n    <div class=\"ue_post_blocks_content\">\n      \n     \n         \n    <div class=\"ue_post_blocks_title\"><a href=\"https:\/\/landeszentrum-mv.de\/glbk\/2024\/05\/27\/projekt-learn-about-skills-der-berufswahlparcours-2\/\">Projekt Learn About Skills - Der Berufswahlparcours<\/a><\/div>    \n        \n    \n            \t<div class=\"ue_post_blocks_link\">\n          <a class=\" \" href='https:\/\/landeszentrum-mv.de\/glbk\/2024\/05\/27\/projekt-learn-about-skills-der-berufswahlparcours-2\/'>Weiter<\/a>\n    \t<\/div>\n      <\/div>\n<\/div>\n<div class=\"ue_post_blocks_box\">\n    <div class=\"ue_post_blocks_image\">\n    <a href=\"https:\/\/landeszentrum-mv.de\/glbk\/2023\/02\/14\/gender-und-beruf-methodenkiste\/\" style=\"display:block;\"><img loading=\"lazy\" decoding=\"async\" src=\"https:\/\/landeszentrum-mv.de\/glbk\/wp-content\/uploads\/sites\/2\/2023\/02\/Beitrag_Fachwissen_ohne_Icon_01.webp\"  src=\"https:\/\/landeszentrum-mv.de\/glbk\/wp-content\/uploads\/sites\/2\/2023\/02\/Beitrag_Fachwissen_ohne_Icon_01.webp\" alt=\"Beitrag_Fachwissen_ohne_Icon_01\" width=\"1350\" height=\"1080\"><\/a>\n  <\/div>\n    <div class=\"ue_post_blocks_content\">\n      \n     \n         \n    <div class=\"ue_post_blocks_title\"><a href=\"https:\/\/landeszentrum-mv.de\/glbk\/2023\/02\/14\/gender-und-beruf-methodenkiste\/\">Gender und Beruf \u2013 Methodenkiste<\/a><\/div>    \n        \n    \n            \t<div class=\"ue_post_blocks_link\">\n          <a class=\" \" href='https:\/\/landeszentrum-mv.de\/glbk\/2023\/02\/14\/gender-und-beruf-methodenkiste\/'>Weiter<\/a>\n    \t<\/div>\n      <\/div>\n<\/div>\n<div class=\"ue_post_blocks_box\">\n    <div class=\"ue_post_blocks_image\">\n    <a href=\"https:\/\/landeszentrum-mv.de\/glbk\/2023\/02\/14\/hinweise-zur-foerderung-von-integrationsprojekten\/\" style=\"display:block;\"><img loading=\"lazy\" decoding=\"async\" src=\"https:\/\/landeszentrum-mv.de\/glbk\/wp-content\/uploads\/sites\/2\/2023\/02\/Beitrag_Fachwissen_ohne_Icon_01.webp\"  src=\"https:\/\/landeszentrum-mv.de\/glbk\/wp-content\/uploads\/sites\/2\/2023\/02\/Beitrag_Fachwissen_ohne_Icon_01.webp\" alt=\"Beitrag_Fachwissen_ohne_Icon_01\" width=\"1350\" height=\"1080\"><\/a>\n  <\/div>\n    <div class=\"ue_post_blocks_content\">\n      \n     \n         \n    <div class=\"ue_post_blocks_title\"><a href=\"https:\/\/landeszentrum-mv.de\/glbk\/2023\/02\/14\/hinweise-zur-foerderung-von-integrationsprojekten\/\">Hinweise zur F\u00f6rderung von Integrationsprojekten<\/a><\/div>    \n        \n    \n            \t<div class=\"ue_post_blocks_link\">\n          <a class=\" \" href='https:\/\/landeszentrum-mv.de\/glbk\/2023\/02\/14\/hinweise-zur-foerderung-von-integrationsprojekten\/'>Weiter<\/a>\n    \t<\/div>\n      <\/div>\n<\/div>\n<div class=\"ue_post_blocks_box\">\n    <div class=\"ue_post_blocks_image\">\n    <a href=\"https:\/\/landeszentrum-mv.de\/glbk\/2023\/02\/14\/entwicklung-von-gleichstellungszielen-bei-der-esf-foerderung-in-m-v-2\/\" style=\"display:block;\"><img loading=\"lazy\" decoding=\"async\" src=\"https:\/\/landeszentrum-mv.de\/glbk\/wp-content\/uploads\/sites\/2\/2024\/09\/Beitrag_neu__7.webp\"  src=\"https:\/\/landeszentrum-mv.de\/glbk\/wp-content\/uploads\/sites\/2\/2024\/09\/Beitrag_neu__7.webp\" alt=\"Beitrag_neu__7\" width=\"1350\" height=\"1080\"><\/a>\n  <\/div>\n    <div class=\"ue_post_blocks_content\">\n      \n     \n         \n    <div class=\"ue_post_blocks_title\"><a href=\"https:\/\/landeszentrum-mv.de\/glbk\/2023\/02\/14\/entwicklung-von-gleichstellungszielen-bei-der-esf-foerderung-in-m-v-2\/\">Leitfaden und Checkliste f\u00fcr Gleichstellung in der regionalisierten F\u00f6rderung<\/a><\/div>    \n        \n    \n            \t<div class=\"ue_post_blocks_link\">\n          <a class=\" \" href='https:\/\/landeszentrum-mv.de\/glbk\/2023\/02\/14\/entwicklung-von-gleichstellungszielen-bei-der-esf-foerderung-in-m-v-2\/'>Weiter<\/a>\n    \t<\/div>\n      <\/div>\n<\/div>\n\n<\/div>\n<!-- end Post Blocks -->\t\t\t\t<\/div>\n\t\t\t\t<\/div>\n\t\t\t\t\t<\/div>\n\t\t\t\t<\/div>\n\t\t\t\t<\/div>\n\t\t","protected":false},"excerpt":{"rendered":"<p>Bildung &amp; Soziale Teilhabe Hinweisblatt Genderkompetenz Weiter Projekt Learn About Skills &#8211; Der Berufswahlparcours Weiter Gender und Beruf \u2013 Methodenkiste Weiter Hinweise zur F\u00f6rderung von Integrationsprojekten Weiter Hinweise zur F\u00f6rderung von Strukturentwicklungsma\u00dfnahmen Weiter Leitfaden und Checkliste f\u00fcr Gleichstellung in der regionalisierten F\u00f6rderung Weiter<\/p>\n","protected":false},"author":2,"featured_media":0,"parent":2060,"menu_order":0,"comment_status":"closed","ping_status":"closed","template":"","meta":{"_acf_changed":false,"footnotes":""},"class_list":["post-2481","page","type-page","status-publish","hentry"],"acf":[],"yoast_head":"<!-- This site is optimized with the Yoast SEO plugin v27.4 - https:\/\/yoast.com\/product\/yoast-seo-wordpress\/ -->\n<title>Bildung_Soziale_Teilhabe - glbk<\/title>\n<meta name=\"description\" content=\"Quizfragen, Glossar &amp; Co f\u00fcr den schnellen Start.\" \/>\n<meta name=\"robots\" content=\"index, follow, max-snippet:-1, max-image-preview:large, max-video-preview:-1\" \/>\n<link rel=\"canonical\" href=\"https:\/\/landeszentrum-mv.de\/glbk\/start\/fachwissen\/bildung_soziale_teilhabe\/\" \/>\n<meta property=\"og:locale\" content=\"de_DE\" \/>\n<meta property=\"og:type\" content=\"article\" \/>\n<meta property=\"og:title\" content=\"Bildung_Soziale_Teilhabe - glbk\" \/>\n<meta property=\"og:description\" content=\"Quizfragen, Glossar &amp; Co f\u00fcr den schnellen Start.\" \/>\n<meta property=\"og:url\" content=\"https:\/\/landeszentrum-mv.de\/glbk\/start\/fachwissen\/bildung_soziale_teilhabe\/\" \/>\n<meta property=\"og:site_name\" content=\"glbk\" \/>\n<meta property=\"article:modified_time\" content=\"2024-11-29T08:27:27+00:00\" \/>\n<meta property=\"og:image\" content=\"https:\/\/landeszentrum-mv.de\/glbk\/wp-content\/uploads\/sites\/2\/2024\/10\/Beitrag_Fachwissen_Dig_01.webp\" \/>\n<meta name=\"twitter:card\" content=\"summary_large_image\" \/>\n<meta name=\"twitter:label1\" content=\"Gesch\u00e4tzte Lesezeit\" \/>\n\t<meta name=\"twitter:data1\" content=\"2\u00a0Minuten\" \/>\n<script type=\"application\/ld+json\" class=\"yoast-schema-graph\">{\"@context\":\"https:\\\/\\\/schema.org\",\"@graph\":[{\"@type\":\"WebPage\",\"@id\":\"https:\\\/\\\/landeszentrum-mv.de\\\/glbk\\\/start\\\/fachwissen\\\/bildung_soziale_teilhabe\\\/\",\"url\":\"https:\\\/\\\/landeszentrum-mv.de\\\/glbk\\\/start\\\/fachwissen\\\/bildung_soziale_teilhabe\\\/\",\"name\":\"Bildung_Soziale_Teilhabe - glbk\",\"isPartOf\":{\"@id\":\"https:\\\/\\\/landeszentrum-mv.de\\\/glbk\\\/#website\"},\"primaryImageOfPage\":{\"@id\":\"https:\\\/\\\/landeszentrum-mv.de\\\/glbk\\\/start\\\/fachwissen\\\/bildung_soziale_teilhabe\\\/#primaryimage\"},\"image\":{\"@id\":\"https:\\\/\\\/landeszentrum-mv.de\\\/glbk\\\/start\\\/fachwissen\\\/bildung_soziale_teilhabe\\\/#primaryimage\"},\"thumbnailUrl\":\"https:\\\/\\\/landeszentrum-mv.de\\\/glbk\\\/wp-content\\\/uploads\\\/sites\\\/2\\\/2024\\\/10\\\/Beitrag_Fachwissen_Dig_01.webp\",\"datePublished\":\"2024-11-05T08:47:34+00:00\",\"dateModified\":\"2024-11-29T08:27:27+00:00\",\"description\":\"Quizfragen, Glossar & Co f\u00fcr den schnellen Start.\",\"breadcrumb\":{\"@id\":\"https:\\\/\\\/landeszentrum-mv.de\\\/glbk\\\/start\\\/fachwissen\\\/bildung_soziale_teilhabe\\\/#breadcrumb\"},\"inLanguage\":\"de\",\"potentialAction\":[{\"@type\":\"ReadAction\",\"target\":[\"https:\\\/\\\/landeszentrum-mv.de\\\/glbk\\\/start\\\/fachwissen\\\/bildung_soziale_teilhabe\\\/\"]}]},{\"@type\":\"ImageObject\",\"inLanguage\":\"de\",\"@id\":\"https:\\\/\\\/landeszentrum-mv.de\\\/glbk\\\/start\\\/fachwissen\\\/bildung_soziale_teilhabe\\\/#primaryimage\",\"url\":\"https:\\\/\\\/landeszentrum-mv.de\\\/glbk\\\/wp-content\\\/uploads\\\/sites\\\/2\\\/2024\\\/10\\\/Beitrag_Fachwissen_Dig_01.webp\",\"contentUrl\":\"https:\\\/\\\/landeszentrum-mv.de\\\/glbk\\\/wp-content\\\/uploads\\\/sites\\\/2\\\/2024\\\/10\\\/Beitrag_Fachwissen_Dig_01.webp\",\"width\":1350,\"height\":1080,\"caption\":\"Digitalisierung\"},{\"@type\":\"BreadcrumbList\",\"@id\":\"https:\\\/\\\/landeszentrum-mv.de\\\/glbk\\\/start\\\/fachwissen\\\/bildung_soziale_teilhabe\\\/#breadcrumb\",\"itemListElement\":[{\"@type\":\"ListItem\",\"position\":1,\"name\":\"Startseite\",\"item\":\"https:\\\/\\\/landeszentrum-mv.de\\\/glbk\\\/\"},{\"@type\":\"ListItem\",\"position\":2,\"name\":\"Start\",\"item\":\"https:\\\/\\\/landeszentrum-mv.de\\\/glbk\\\/\"},{\"@type\":\"ListItem\",\"position\":3,\"name\":\"Fachwissen\",\"item\":\"https:\\\/\\\/landeszentrum-mv.de\\\/glbk\\\/start\\\/fachwissen\\\/\"},{\"@type\":\"ListItem\",\"position\":4,\"name\":\"Bildung_Soziale_Teilhabe\"}]},{\"@type\":\"WebSite\",\"@id\":\"https:\\\/\\\/landeszentrum-mv.de\\\/glbk\\\/#website\",\"url\":\"https:\\\/\\\/landeszentrum-mv.de\\\/glbk\\\/\",\"name\":\"glbk\",\"description\":\"Gleichstellungsbaukasten\",\"publisher\":{\"@id\":\"https:\\\/\\\/landeszentrum-mv.de\\\/glbk\\\/#organization\"},\"potentialAction\":[{\"@type\":\"SearchAction\",\"target\":{\"@type\":\"EntryPoint\",\"urlTemplate\":\"https:\\\/\\\/landeszentrum-mv.de\\\/glbk\\\/?s={search_term_string}\"},\"query-input\":{\"@type\":\"PropertyValueSpecification\",\"valueRequired\":true,\"valueName\":\"search_term_string\"}}],\"inLanguage\":\"de\"},{\"@type\":\"Organization\",\"@id\":\"https:\\\/\\\/landeszentrum-mv.de\\\/glbk\\\/#organization\",\"name\":\"glbk\",\"url\":\"https:\\\/\\\/landeszentrum-mv.de\\\/glbk\\\/\",\"logo\":{\"@type\":\"ImageObject\",\"inLanguage\":\"de\",\"@id\":\"https:\\\/\\\/landeszentrum-mv.de\\\/glbk\\\/#\\\/schema\\\/logo\\\/image\\\/\",\"url\":\"https:\\\/\\\/landeszentrum-mv.de\\\/glbk\\\/wp-content\\\/uploads\\\/sites\\\/2\\\/2024\\\/10\\\/GLBK_Logo.webp\",\"contentUrl\":\"https:\\\/\\\/landeszentrum-mv.de\\\/glbk\\\/wp-content\\\/uploads\\\/sites\\\/2\\\/2024\\\/10\\\/GLBK_Logo.webp\",\"width\":500,\"height\":246,\"caption\":\"glbk\"},\"image\":{\"@id\":\"https:\\\/\\\/landeszentrum-mv.de\\\/glbk\\\/#\\\/schema\\\/logo\\\/image\\\/\"}}]}<\/script>\n<!-- \/ Yoast SEO plugin. -->","yoast_head_json":{"title":"Bildung_Soziale_Teilhabe - glbk","description":"Quizfragen, Glossar & Co f\u00fcr den schnellen Start.","robots":{"index":"index","follow":"follow","max-snippet":"max-snippet:-1","max-image-preview":"max-image-preview:large","max-video-preview":"max-video-preview:-1"},"canonical":"https:\/\/landeszentrum-mv.de\/glbk\/start\/fachwissen\/bildung_soziale_teilhabe\/","og_locale":"de_DE","og_type":"article","og_title":"Bildung_Soziale_Teilhabe - glbk","og_description":"Quizfragen, Glossar & Co f\u00fcr den schnellen Start.","og_url":"https:\/\/landeszentrum-mv.de\/glbk\/start\/fachwissen\/bildung_soziale_teilhabe\/","og_site_name":"glbk","article_modified_time":"2024-11-29T08:27:27+00:00","og_image":[{"url":"https:\/\/landeszentrum-mv.de\/glbk\/wp-content\/uploads\/sites\/2\/2024\/10\/Beitrag_Fachwissen_Dig_01.webp","type":"","width":"","height":""}],"twitter_card":"summary_large_image","twitter_misc":{"Gesch\u00e4tzte Lesezeit":"2\u00a0Minuten"},"schema":{"@context":"https:\/\/schema.org","@graph":[{"@type":"WebPage","@id":"https:\/\/landeszentrum-mv.de\/glbk\/start\/fachwissen\/bildung_soziale_teilhabe\/","url":"https:\/\/landeszentrum-mv.de\/glbk\/start\/fachwissen\/bildung_soziale_teilhabe\/","name":"Bildung_Soziale_Teilhabe - glbk","isPartOf":{"@id":"https:\/\/landeszentrum-mv.de\/glbk\/#website"},"primaryImageOfPage":{"@id":"https:\/\/landeszentrum-mv.de\/glbk\/start\/fachwissen\/bildung_soziale_teilhabe\/#primaryimage"},"image":{"@id":"https:\/\/landeszentrum-mv.de\/glbk\/start\/fachwissen\/bildung_soziale_teilhabe\/#primaryimage"},"thumbnailUrl":"https:\/\/landeszentrum-mv.de\/glbk\/wp-content\/uploads\/sites\/2\/2024\/10\/Beitrag_Fachwissen_Dig_01.webp","datePublished":"2024-11-05T08:47:34+00:00","dateModified":"2024-11-29T08:27:27+00:00","description":"Quizfragen, Glossar & Co f\u00fcr den schnellen Start.","breadcrumb":{"@id":"https:\/\/landeszentrum-mv.de\/glbk\/start\/fachwissen\/bildung_soziale_teilhabe\/#breadcrumb"},"inLanguage":"de","potentialAction":[{"@type":"ReadAction","target":["https:\/\/landeszentrum-mv.de\/glbk\/start\/fachwissen\/bildung_soziale_teilhabe\/"]}]},{"@type":"ImageObject","inLanguage":"de","@id":"https:\/\/landeszentrum-mv.de\/glbk\/start\/fachwissen\/bildung_soziale_teilhabe\/#primaryimage","url":"https:\/\/landeszentrum-mv.de\/glbk\/wp-content\/uploads\/sites\/2\/2024\/10\/Beitrag_Fachwissen_Dig_01.webp","contentUrl":"https:\/\/landeszentrum-mv.de\/glbk\/wp-content\/uploads\/sites\/2\/2024\/10\/Beitrag_Fachwissen_Dig_01.webp","width":1350,"height":1080,"caption":"Digitalisierung"},{"@type":"BreadcrumbList","@id":"https:\/\/landeszentrum-mv.de\/glbk\/start\/fachwissen\/bildung_soziale_teilhabe\/#breadcrumb","itemListElement":[{"@type":"ListItem","position":1,"name":"Startseite","item":"https:\/\/landeszentrum-mv.de\/glbk\/"},{"@type":"ListItem","position":2,"name":"Start","item":"https:\/\/landeszentrum-mv.de\/glbk\/"},{"@type":"ListItem","position":3,"name":"Fachwissen","item":"https:\/\/landeszentrum-mv.de\/glbk\/start\/fachwissen\/"},{"@type":"ListItem","position":4,"name":"Bildung_Soziale_Teilhabe"}]},{"@type":"WebSite","@id":"https:\/\/landeszentrum-mv.de\/glbk\/#website","url":"https:\/\/landeszentrum-mv.de\/glbk\/","name":"glbk","description":"Gleichstellungsbaukasten","publisher":{"@id":"https:\/\/landeszentrum-mv.de\/glbk\/#organization"},"potentialAction":[{"@type":"SearchAction","target":{"@type":"EntryPoint","urlTemplate":"https:\/\/landeszentrum-mv.de\/glbk\/?s={search_term_string}"},"query-input":{"@type":"PropertyValueSpecification","valueRequired":true,"valueName":"search_term_string"}}],"inLanguage":"de"},{"@type":"Organization","@id":"https:\/\/landeszentrum-mv.de\/glbk\/#organization","name":"glbk","url":"https:\/\/landeszentrum-mv.de\/glbk\/","logo":{"@type":"ImageObject","inLanguage":"de","@id":"https:\/\/landeszentrum-mv.de\/glbk\/#\/schema\/logo\/image\/","url":"https:\/\/landeszentrum-mv.de\/glbk\/wp-content\/uploads\/sites\/2\/2024\/10\/GLBK_Logo.webp","contentUrl":"https:\/\/landeszentrum-mv.de\/glbk\/wp-content\/uploads\/sites\/2\/2024\/10\/GLBK_Logo.webp","width":500,"height":246,"caption":"glbk"},"image":{"@id":"https:\/\/landeszentrum-mv.de\/glbk\/#\/schema\/logo\/image\/"}}]}},"_links":{"self":[{"href":"https:\/\/landeszentrum-mv.de\/glbk\/wp-json\/wp\/v2\/pages\/2481","targetHints":{"allow":["GET"]}}],"collection":[{"href":"https:\/\/landeszentrum-mv.de\/glbk\/wp-json\/wp\/v2\/pages"}],"about":[{"href":"https:\/\/landeszentrum-mv.de\/glbk\/wp-json\/wp\/v2\/types\/page"}],"author":[{"embeddable":true,"href":"https:\/\/landeszentrum-mv.de\/glbk\/wp-json\/wp\/v2\/users\/2"}],"replies":[{"embeddable":true,"href":"https:\/\/landeszentrum-mv.de\/glbk\/wp-json\/wp\/v2\/comments?post=2481"}],"version-history":[{"count":16,"href":"https:\/\/landeszentrum-mv.de\/glbk\/wp-json\/wp\/v2\/pages\/2481\/revisions"}],"predecessor-version":[{"id":3120,"href":"https:\/\/landeszentrum-mv.de\/glbk\/wp-json\/wp\/v2\/pages\/2481\/revisions\/3120"}],"up":[{"embeddable":true,"href":"https:\/\/landeszentrum-mv.de\/glbk\/wp-json\/wp\/v2\/pages\/2060"}],"wp:attachment":[{"href":"https:\/\/landeszentrum-mv.de\/glbk\/wp-json\/wp\/v2\/media?parent=2481"}],"curies":[{"name":"wp","href":"https:\/\/api.w.org\/{rel}","templated":true}]}}